in base 4?
-100
What is 233 (base 7) in base 13?
95
78 (base 9) to base 16
47
Convert 21 (base 5) to base 15.
b
2a (base 12) to base 16
22
What is -401 (base 5) in base 12?
-85
-10 (base 2) to base 13
-2
2 (base 16) to base 10
2
Convert 1201 (base 4) to base 5.
342
Convert 53 (base 13) to base 3.
2112
Convert -54 (base 6) to base 2.
-100010
-3 (base 15) to base 11
-3
What is -3 (base 9) in base 3?
-10
What is 100 (base 3) in base 13?
9
2 (base 4) to base 7
2
Convert 40 (base 9) to base 12.
30
-2 (base 4) to base 14
-2
17 (base 12) to base 7
25
What is -1 (base 7) in base 10?
-1
What is 100000 (base 2) in base 7?
44
-58 (base 10) to base 5
-213
Convert 102 (base 4) to base 16.
12
What is 143 (base 11) in base 4?
2220
What is 121 (base 3) in base 12?
14
13 (base 7) to base 8
12
152 (base 6) to base 9
75
2 (base 3) to base 13
2
8 (base 11) to base 9
8
Convert -6 (base 7) to base 15.
-6
Convert 1 (base 11) to base 12.
1
3 (base 8) to base 10
3
-2 (base 9) to base 12
-2
-2033 (base 4) to base 7
-263
What is -8 (base 15) in base 2?
-1000
-b (base 12) to base 7
-14
What is 4 (base 7) in base 6?
4
What is -34 (base 7) in base 5?
-100
What is c1 (base 16) in base 3?
21011
2111 (base 3) to base 15
47
14 (base 5) to base 12
9
Convert 1100 (base 2) to base 7.
15
Convert 5 (base 15) to base 5.
10
What is 59 (base 11) in base 2?
1000000
Convert 1 (base 13) to base 7.
1
-14 (base 12) to base 4
-100
Convert -1 (base 4) to base 10.
-1
58 (base 14) to base 12
66
What is -22 (base 4) in base 11?
-a
What is -5 (base 14) in base 11?
-5
210 (base 4) to base 2
100100
-9 (base 15) to base 9
-10
Convert -9 (base 10) to base 2.
-1001
What is -23 (base 12) in base 13?
-21
What is 5 (base 9) in base 13?
5
What is 1 (base 9) in base 12?
1
Convert 1323 (base 5) to base 14.
113
What is -1 (base 15) in base 13?
-1
Convert 0 (base 11) to base 15.
0
What is 3 (base 12) in base 4?
3
What is 3 (base 8) in base 13?
3
144 (base 10) to base 6
400
1b (base 12) to base 2
10111
103 (base 6) to base 4
213
4a (base 14) to base 15
46
-110 (base 3) to base 12
-10
Convert 2 (base 4) to base 12.
2
Convert -10 (base 2) to base 11.
-2
What is -424 (base 7) in base 9?
-257
Convert 5 (base 14) to base 4.
11
100 (base 4) to base 12
14
What is -23 (base 6) in base 4?
-33
What is 0 (base 15) in base 11?
0
Convert -19 (base 15) to base 5.
-44
22 (base 13) to base 10
28
What is -2 (base 16) in base 14?
-2
Convert 1211 (base 4) to base 8.
145
What is -3 (base 16) in base 3?
-10
-7 (base 13) to base 11
-7
What is -28 (base 14) in base 15?
-26
What is -7 (base 8) in base 15?
-7
114 (base 5) to base 10
34
-2 (base 10) to base 14
-2
What is -5 (base 11) in base 2?
-101
What is -c (base 14) in base 15?
-c
-10 (base 9) to base 8
-11
What is -27 (base 10) in base 7?
-36
Convert -3 (base 4) to base 5.
-3
Convert 6 (base 8) to base 7.
6
What is -1 (base 14) in base 8?
-1
Convert 211 (base 9) to base 2.
10101100
What is -3 (base 5) in base 15?
-3
6 (base 10) to base 8
6
Convert 3 (base 14) to base 10.
3
-10 (base 6) to base 16
-6
18 (base 13) to base 15
16
What is -1100110 (base 2) in base 5?
-402
-635 (base 7) to base 11
-271
Convert 1 (base 7) to base 3.
1
Convert -364 (base 7) to base 9.
-234
Convert -13 (base 16) to base 6.
-31
What is 3 (base 5) in base 10?
3
Convert 411 (base 7) to base 3.
21120
What is 67 (base 13) in base 10?
85
-19 (base 10) to base 16
-13
What is 19 (base 16) in base 3?
221
-1 (base 13) to base 7
-1
Convert -76 (base 16) to base 11.
-a8
Convert 2 (base 8) to base 11.
2
What is 10 (base 4) in base 16?
4
What is -11 (base 11) in base 2?
-1100
-12 (base 6) to base 2
-1000
Convert 145 (base 13) to base 12.
16a
-116 (base 8) to base 6
-210
Convert 3 (base 11) to base 6.
3
Convert 63 (base 13) to base 4.
1101
What is -142 (base 9) in base 3?
-11102
-2 (base 13) to base 14
-2
Convert 2 (base 6) to base 8.
2
Convert 201 (base 3) to base 2.
10011
1 (base 5) to base 8
1
1121 (base 3) to base 8
53
Convert -2a (base 15) to base 4.
-220
3 (base 10) to base 3
10
201 (base 3) to base 9
21
Convert 59 (base 12) to base 11.
63
What is 8 (base 10) in base 3?
22
Convert -3 (base 4) to base 12.
-3
Convert 16d (base 15) to base 7.
646
-1 (base 7) to base 9
-1
-1004 (base 6) to base 12
-164
-12 (base 11) to base 3
-111
-11 (base 8) to base 15
-9
What is 11 (base 5) in base 6?
10
1011 (base 2) to base 16
b
Convert -110 (base 2) to base 5.
-11
1 (base 12) to base 6
1
0 (base 15) to base 10
0
What is -7 (base 9) in base 12?
-7
What is 21 (base 4) in base 7?
12
7 (base 9) to base 5
12
What is 8 (base 12) in base 16?
8
Convert 14a (base 14) to base 3.
100201
-13 (base 14) to base 12
-15
-113 (base 4) to base 16
-17
70 (base 12) to base 6
220
2 (base 10) to base 5
2
66 (base 10) to base 5
231
What is -5 (base 8) in base 9?
-5
Convert 120 (base 6) to base 12.
40
Convert 10 (base 2) to base 16.
2
Convert 15 (base 9) to base 10.
14
-2 (base 11) to base 8
-2
2 (base 15) to base 8
2
202 (base 3) to base 10
20
Convert -132 (base 11) to base 8.
-234
Convert 10011 (base 2) to base 6.
31
Convert -147 (base 9) to base 14.
-8c
31 (base 7) to base 6
34
Convert 1 (base 14) to base 6.
1
What is 235 (base 6) in base 5?
340
-2 (base 15) to base 4
-2
What is 11000 (base 2) in base 4?
120
Convert -12 (base 4) to base 13.
-6
Convert -36 (base 7) to base 11.
-25
20212 (base 3) to base 5
1220
What is -1 (base 10) in base 16?
-1
Convert 31 (base 10) to base 2.
11111
What is 2 (base 12) in base 10?
2
What is 2210 (base 3) in base 9?
83
Convert 46 (base 9) to base 4.
222
10 (base 3) to base 10
3
Convert -354 (base 8) to base 9.
-282
Convert 23 (base 9) to base 13.
18
Convert -221 (base 3) to base 4.
-121
What is -51 (base 6) in base 9?
-34
Convert -3 (base 11) to base 13.
-3
-323 (base 4) to base 9
-65
Convert 0 (base 5) to base 2.
0
What is 1a0 (base 13) in base 16?
12b
Convert 2 (base 12) to base 15.
2
12 (base 4) to base 13
6
What is 17 (base 8) in base 14?
11
What is 23 (base 12) in base 4?
123
What is -50 (base 6) in base 16?
-1e
Convert a (base 12) to base 2.
1010
Convert 7 (base 11) to base 3.
21
Convert 0 (base 2) to base 9.
0
Convert 121 (base 3) to base 11.
15
Convert -1 (base 6) to base 4.
-1
2 (base 10) to base 2
10
What is -142 (base 11) in base 14?
-bd
What is -145 (base 7) in base 14?
-5c
Convert 90 (base 13) to base 4.
1311
Convert -4a (base 14) to base 10.
-66
Convert -12 (base 10) to base 13.
-c
1 (base 11) to base 10
1
Convert -2112 (base 3) to base 15.
-48
-2 (base 11) to base 5
-2
Convert -16 (base 14) to base 5.
-40
Convert -6 (base 16) to base 4.
-12
What is -3 (base 10) in base 3?
-10
What is -13 (base 9) in base 7?
-15
65 (base 12) to base 8
115
-3 (base 16) to base 11
-3
What is -3 (base 8) in base 13?
-3
Convert -8 (base 10) to base 3.
-22
Convert -7 (base 10) to base 13.
-7
What is 3 (base 7) in base 9?
3
Convert -3 (base 10) to base 3.
-10
What is -21 (base 5) in base 8?
-13
303 (base 7) to base 11
127
Convert 3 (base 13) to base 10.
3
-21 (base 13) to base 16
-1b
-1 (base 13) to base 4
-1
What is -a9 (base 12) in base 5?
-1004
103 (base 5) to base 16
1c
What is 0 (base 14) in base 11?
0
6 (base 11) to base 2
110
Convert -1 (base 5) to base 4.
-1
-152 (base 6) to base 5
-233
Convert 2211 (base 4) to base 9.
203
Convert -3 (base 8) to base 16.
-3
What is -122 (base 7) in base 2?
-1000001
-3 (base 16) to base 3
-10
Convert -2 (base 9) to base 3.
-2
Convert -14 (base 6) to base 2.
-1010
What is -120 (base 7) in base 6?
-143
-19 (base 10) to base 15
-14
Convert 313 (base 6) to base 3.
11100
Convert 3 (base 12) to base 3.
10
What is 2 (base 11) in base 5?
2
-8 (base 10) to base 9
-8
Convert 45 (base 14) to base 6.
141
What is -1 (base 2) in base 8?
-1
5 (base 13) to base 4
11
-2 (base 6) to base 15
-2
-3 (base 12) to base 9
-3
20 (base 15) to base 10
30
What is 224 (base 6) in base 9?
107
-8a (base 12) to base 8
-152
What is -11 (base 10) in base 8?
-13
What is 5 (base 9) in base 15?
5
5 (base 6) to base 16
5
-111101 (base 2) to base 16
-3d
What is -8a (base 12) in base 11?
-97
Convert 65 (base 11) to base 7.
131
-12022 (base 3) to base 12
-bb
2 (base 5) to base 9
2
Convert -1 (base 10) to base 2.
-1
-8 (base 13) to base 14
-8
-1254 (base 6) to base 2
-101000010
Convert c (base 14) to base 16.
c
Convert 3 (